 = 2. Let u = j + 0. Let k(l) = -8*l**3 + 2*l**2 + 6*l + 7. What is the units digit of k(u)?
7
Suppose 1511*k = 1473*k + 2470532. What is the tens digit of k?
1
Suppose 4*a - 13807 = -5*r, 65 - 55 = -2*r. What is the thousands digit of a?
3
Let i be (-1100)/4*(2 - (4 - -1)). Let o be ((-1)/2)/(3/(-24)). Suppose o*g - i = -g. What is the units digit of g?
5
Suppose x - 11 = -2*x + 4*g, 3*x - 17 = -2*g. Let f(m) = 42*m - 256. Let n be f(8). Suppose -s - n = -x*s. What is the tens digit of s?
2
Let f be (2 - -235)*(-1)/(-3). Suppose 575 = 3*z - f. What is the hundreds digit of z?
2
What is the units digit of -1119*(-25)/((-400)/(-144))?
1
Let s(l) = -l**3 + 32*l**2 - l - 35. What is the hundreds digit of s(22)?
7
Suppose 5*c - 1873 = 3833 + 1384. What is the tens digit of c?
1
Suppose -78*z + 1330336 = 68*z - 128788. What is the thousands digit of z?
9
Let f be (((-28)/(-3))/7 + -2)*-18. Let y be (-45)/(-4) - (-9)/f. What is the tens digit of (y/8)/(18/636)?
5
Suppose -36*c + 15*c + 19346 + 17131 = 0. What is the units digit of c?
7
Suppose 3*o + 30 + 132 = 0. What is the units digit of (-187 + o)/((-1)/2)?
2
Suppose 619*r = -3*l + 620*r + 12917, -5*l + 2*r + 21526 = 0. What is the tens digit of l?
0
Suppose -414*f + 21782616 = -258*f + 282*f. What is the thousands digit of f?
9
Suppose 7308 = 11*x - 5*x. Suppose 12*f - 9366 - x = 0. What is the hundreds digit of f?
8
Let i(b) = -128*b + 2. Let m be i(-8). Suppose 0 = -4*y + m - 166. What is the tens digit of y?
1
Let o(j) = -26*j**2 + 29*j**2 - 5 + 24*j + 2 + 1. What is the tens digit of o(9)?
5
Let k(s) = -34*s - 80*s - 1 - 4 - 3. Let n be k(4). Let g = n - -709. What is the hundreds digit of g?
2
Suppose -21017 = 56*l - 623297. What is the thousands digit of l?
0
Let c(s) = 2*s**2 + 2. Let n be c(0). Let h be -1 - 1 - (n - 57). Let b = -9 + h. What is the tens digit of b?
4
Let o(w) = 366*w - 782. What is the hundreds digit of o(5)?
0
Let s(r) = -9*r + 10*r + 9 - 21*r + 31. Suppose 0 = -z - 3*z + 3*c - 47, -z - 6 = 5*c. What is the units digit of s(z)?
0
Suppose 4*k - 7 = 13. Suppose 25 - 20 = k*v. Let l(n) = 81*n + 3. What is the tens digit of l(v)?
8
Suppose -190*f + 388*f - 13251348 = 0. What is the tens digit of f?
2
Let p(g) be the first derivative of -3*g**4/4 + g**3/3 + 11*g**2/2 - 10*g + 87. What is the tens digit of p(-6)?
0
Let a(q) = 76*q - 34. Let f(c) = -2*c**3 - 12*c**2 - c - 2. Let j be f(-6). What is the hundreds digit of a(j)?
2
Let o(w) = 1116*w**2 - 34*w + 113. What is the thousands digit of o(-6)?
0
Let j = 67 - 56. What is the hundreds digit of -4 - (-3 + -14)*j?
1
Let l(t) be the second derivative of t**4/4 - 25*t**3/6 - 7*t**2 - 2*t + 10. What is the hundreds digit of l(13)?
1
Let n(b) = 2289*b - 1819. What is the units digit of n(24)?
7
Suppose c = -5*a - 65, -c - 29 = a + a. What is the tens digit of (-4)/a - -179*(-1)/(-3)?
6
Let h = 68 + 131. Let l = -149 + 36. Let p = h + l. What is the units digit of p?
6
Let z(a) = 912*a**2 + 252*a + 2263. What is the hundreds digit of z(-9)?
8
Suppose 0*s - 6770 = -s - 9*s. What is the tens digit of s?
7
Let w(l) = 3*l**2 + 36*l - 65. Suppose -230*k + 229*k = 20. What is the units digit of w(k)?
5
Let z = 74 - 136. Let t = -158 + 240. Let x = z + t. What is the units digit of x?
0
Let l(p) = 6*p**2 + 4*p - 36. Let y be l(-16). Suppose -29*k + 25*k = -2*c - 1906, 3*k + 5*c = y. What is the tens digit of k?
7
Suppose 4*c - 238 = -5*p, 4*p - 4*c - 209 = -c. Let k = p - 111. Let g = k - -64. What is the units digit of g?
3
Let d = 32 + -23. Let u be -1 + d/15 - (-6)/15. Suppose -3 = v - u*v, 2*i - 5*v - 269 = 0. What is the tens digit of i?
2
Suppose n - 6 = 0, 0 = 5*v + n - 4*n - 7572. What is the hundreds digit of v?
5
Suppose 47942 = 7*t + 6*t - 4279. What is the hundreds digit of t?
0
Let d(i) = -i**3 + 12*i**2 + 24*i - 1. Suppose 0 = -3*v - r + 44, -2*v - 2*r - r = -41. What is the units digit of d(v)?
2
Let y = 2230 + 45810. What is the thousands digit of y?
8
Suppose 0 = -4*p - 4*y + 168, 0 = -3*p + 4*p - 5*y - 30. Let a = p - 38. What is the units digit of 39/(-12) - a/(-8) - -119?
6
Let n(w) = 301*w - 35. Let d be n(20). Suppose y + d = 8*y. Suppose -186 = 3*h - y. What is the tens digit of h?
2
Suppose 48*s - 137042 - 292702 = 0. What is the hundreds digit of s?
9
Suppose 6*o - o - 29 = -4*k, 0 = -o - 5*k - 11. Suppose -o*b + 31 = -14. Suppose -n - 3*n + 2*l + 450 = 0, 15 = b*l. What is the hundreds digit of n?
1
Suppose 49*q + 67*q = -2*q + 3901080. What is the hundreds digit of q?
0
Suppose 76*k - 20150 = 26*k. What is the hundreds digit of k?
4
Let h(o) = 5169*o**2 + 58*o + 103. What is the units digit of h(-2)?
3
Let m = 415 + -408. Let y(x) = 5*x**2 - 23*x + 165. What is the units digit of y(m)?
9
Suppose -5*u = 3*a - 114300, 0 = 2*a - 3*u - 84094 + 7856. What is the hundreds digit of a?
1
Suppose -24*r = -2361 + 609. What is the tens digit of r?
7
Let k = 57 - -3551. What is the units digit of k?
8
Let s(h) = -81934*h**2 + 9*h + 23*h + 81931*h**2 + 2*h**3 - 32. What is the hundreds digit of s(9)?
4
Let b = -62 + 62. Suppose 2*d + 6*d - 624 = b. What is the tens digit of d?
7
Let u = -47 - -42. Let b = u - 3. What is the tens digit of (4 - (-164)/(-8))*b?
3
Suppose -25*b = 5*b - 216129 - 374901. What is the thousands digit of b?
9
Suppose 8*a = 12*a - 124. Suppose -4*h + a = -29. Suppose -u + h = -11. What is the tens digit of u?
2
Suppose -2*o = 2*o - 36. Let y(i) = -330*i - 3 + 338*i - 1 + 5 + i**3 + 3 - 9*i**2. What is the tens digit of y(o)?
7
Suppose -3*m = -g - 257, -4*m + 80 = -3*g - 266. Let w = 44 + -39. Suppose m = d - w. What is the tens digit of d?
9
Let u(m) = 12*m**2 - 5*m - 182. Let j(q) = 51*q**2 - 21*q - 727. Let a(x) = -2*j(x) + 9*u(x). What is the hundreds digit of a(-11)?
5
Suppose -14 = -s + 2*f, -5*f + 4 + 60 = 3*s. Suppose 0 = -10*d + 2*d + 864. Let z = d - s. What is the tens digit of z?
9
Suppose 2*z - 6*z = 2*h - 17582, 0 = 9*z - 54. What is the units digit of h?
9
Let o be -1 + (2 - 4) - (0 - 2). Let b(f) = -327*f**3 - 2*f**2 - f. Let z be b(o). Let q = -150 + z. What is the tens digit of q?
7
Let g = 651 + -648. What is the hundreds digit of (-5368)/(-10) + g + 60/50?
5
Let x = -36994 + 66590. What is the tens digit of x?
9
Let w(n) = -n**3 - n**2 + n - 84. Let j(c) = -1. Let z(u) = 4*j(u) - w(u). Let f be (12 - 22 - -10)/(3 + -1). What is the tens digit of z(f)?
8
Let x = 83674 + -46057. What is the hundreds digit of x?
6
Suppose -12555 = -6*i - 3*i. Suppose -s - 1745 = -5*n, 3*n = -2*s - 335 + i. Let v = n - 146. What is the tens digit of v?
0
Suppose -5*u + 8 + 2 = 0. Suppose -u*x + z = 7 + 113, x + 70 = -2*z. Let w = 177 - x. What is the units digit of w?
9
Suppose 15*u - u - 19*u + 34280 = 0. What is the hundreds digit of u?
8
Suppose 24*f + 32*f - 784 = 0. Let z(h) = 20*h - 11 - 2*h**2 + 3*h**2 - 2*h**2. What is the units digit of z(f)?
3
Suppose 2*o - 7 = -3. Suppose o = -0*u + u. What is the tens digit of (u/3)/((-30)/(-1935))?
4
Let c(i) = 133*i**2 + 405*i - 3295. What is the thousands digit of c(8)?
8
Let o = -9948 + 29393. What is the ten thousands digit of o?
1
Suppose 634 - 244 = 5*j. Suppose -a - 3*x = 15, -4*a - x - 2 = 3. What is the units digit of (j - a/(-4)) + 2?
0
Suppose -3512 - 2572 = -13*n. Suppose 3*p - 132 = -n. Let t = -9 - p. What is the hundreds digit of t?
1
What is the hundreds digit of (-396899)/(-7) + 66/(-77)?
6
Let o = 191 - 183. Suppose 17*n - 15471 = o*n. What is the units digit of n?
9
Let q(b) = -b**2 + 21*b - 104. Let i be q(9). Let w(k) = 3*k**3 - 14*k**2 + 39*k. What is the units digit of w(i)?
4
Let l(n) = 3 - 15*n**2 - 15*n**2 + 55*n**2 - 21*n**2 - 15*n. What is the units digit of l(-8)?
9
What is the ten thousands digit of ((-3)/2 - -2 - (-2780907)/(-966))*-7?
2
Suppose -4*n = -2*f + 30, -10 - 10 = -5*f - n. Suppose -20 = f*l, -2*b - 4*l + 691 = 71. What is the hundreds digit of b?
3
Suppose -3 = -3*b, 2*d = -3*d + 5*b. Let s(m) = 5*m**2 + 2*m - 3. Let x be s(d). Suppose -3*g + 394 = x*q, 110 = 4*g - q - 447. What is the units digit of g?
8
Suppose 40 = 5*j + 4*i - 13, i - 38 = -4*j. Suppose -1008 = 5*n - j*n. Suppose n = 3*v + 30. What is the tens digit of v?
7
Let q = -8594 + 44788. What is the hundreds digit of q?
1
Suppose -9*l + 7*l = -42